of 18589?
False
Is 38 a multiple of 38?
True
Is 18 a factor of 2220?
False
Is 472 even?
True
Does 25 divide 8800?
True
Does 2 divide 279?
False
Does 49 divide 2622?
False
Is 4 a factor of 78?
False
Is 8160 a multiple of 160?
True
Is 39 a factor of 8463?
True
Is 735 a multiple of 35?
True
Is 2519 a multiple of 38?
False
Does 24 divide 2880?
True
Is 6253 a multiple of 30?
False
Is 36 a factor of 18583?
False
Does 104 divide 3224?
True
Does 298 divide 38727?
False
Does 11 divide 1859?
True
Does 60 divide 6903?
False
Is 99 a multiple of 3?
True
Is 59501 a multiple of 27?
False
Is 13 a factor of 975?
True
Is 78 a factor of 1587?
False
Is 108 a multiple of 9?
True
Does 49 divide 1697?
False
Is 7510 a multiple of 47?
False
Is 756 a multiple of 9?
True
Is 10070 a multiple of 48?
False
Does 172 divide 177504?
True
Does 24 divide 96?
True
Is 3868 a multiple of 38?
False
Is 3541 a multiple of 14?
False
Does 15 divide 302?
False
Is 939 a multiple of 88?
False
Is 72 a factor of 216?
True
Is 55 a factor of 7040?
True
Is 1560 a multiple of 13?
True
Is 4520 a multiple of 30?
False
Does 13 divide 4797?
True
Is 17 a factor of 12953?
False
Is 4051 a multiple of 11?
False
Is 5 a factor of 29720?
True
Does 21 divide 5712?
True
Is 2380 a multiple of 14?
True
Is 6 a factor of 14430?
True
Is 2 a factor of 100?
True
Does 52 divide 1242?
False
Is 51523 a multiple of 104?
False
Is 3767 a multiple of 50?
False
Does 77 divide 644?
False
Is 4 a factor of 1679?
False
Is 38 a factor of 124982?
True
Is 10005 a multiple of 145?
True
Is 4271 even?
False
Is 22 a factor of 858?
True
Is 15 a factor of 3570?
True
Does 6 divide 163?
False
Does 27 divide 4345?
False
Does 2 divide 958?
True
Is 38 a factor of 2248?
False
Is 6 a factor of 1140?
True
Does 47 divide 1961?
False
Is 153 a factor of 35037?
True
Is 23 a factor of 5934?
True
Does 5 divide 17145?
True
Is 15478 a multiple of 167?
False
Is 115165 a multiple of 155?
True
Does 50 divide 1475?
False
Is 660 a multiple of 110?
True
Is 744 a multiple of 9?
False
Does 10 divide 999?
False
Is 2 a factor of 29?
False
Is 475 a multiple of 19?
True
Does 147 divide 2499?
True
Is 9879 a multiple of 6?
False
Is 318 a multiple of 39?
False
Does 41 divide 697?
True
Is 989 a multiple of 23?
True
Does 70 divide 1061?
False
Is 9333 a multiple of 51?
True
Is 5 a factor of 65?
True
Is 3 a factor of 532?
False
Is 13 a factor of 20891?
True
Does 20 divide 409?
False
Does 52 divide 17464?
False
Is 2831 a multiple of 19?
True
Is 140 a factor of 3311?
False
Does 11 divide 11090?
False
Is 82 a multiple of 41?
True
Does 187 divide 20009?
True
Is 28350 a multiple of 5?
True
Is 2 a factor of 3780?
True
Is 48 a factor of 384?
True
Is 996 a multiple of 12?
True
Does 11 divide 3399?
True
Does 9 divide 1881?
True
Is 114411 a multiple of 10?
False
Is 44 a factor of 143?
False
Is 20063 a multiple of 42?
False
Is 6 a factor of 42?
True
Is 1776 a multiple of 6?
True
Does 8 divide 1034?
False
Is 30 a factor of 128?
False
Is 415 a multiple of 4?
False
Is 31 a factor of 180?
False
Does 12 divide 5868?
True
Is 16948 a multiple of 6?
False
Is 67628 a multiple of 11?
True
Does 18 divide 270?
True
Does 12 divide 26032?
False
Is 272 a multiple of 66?
False
Does 23 divide 12145?
False
Does 32 divide 384?
True
Does 8 divide 4504?
True
Is 673 even?
False
Is 14 a factor of 8090?
False
Is 4246 a multiple of 22?
True
Is 176 a multiple of 5?
False
Does 69 divide 6076?
False
Is 2649 a multiple of 56?
False
Does 41 divide 2174?
False
Is 20 a factor of 2400?
True
Does 9 divide 2682?
True
Is 5 a factor of 1020?
True
Is 16 a factor of 357?
False
Does 15 divide 156?
False
Is 28926 a multiple of 18?
True
Is 59 a multiple of 14?
False
Does 14 divide 1483?
False
Is 23 a factor of 6210?
True
Is 66 a factor of 1832?
False
Is 40 a factor of 5357?
False
Is 38 a factor of 11063?
False
Is 23 a factor of 3467?
False
Is 880 a multiple of 55?
True
Is 14 a factor of 98?
True
Is 3890 a multiple of 58?
False
Is 31 a factor of 961?
True
Is 47432 a multiple of 59?
False
Is 9 a factor of 4321?
False
Is 4 a factor of 6666?
False
Is 720 a multiple of 16?
True
Is 15171 a multiple of 15?
False
Is 94 a factor of 2162?
True
Is 7106 a multiple of 17?
True
Is 7 a factor of 610?
False
Is 804 a multiple of 12?
True
Is 12 a factor of 8544?
True
Does 33 divide 693?
True
Is 20313 a multiple of 111?
True
Is 4 a factor of 95?
False
Does 98 divide 15263?
False
Is 10 a factor of 1163?
False
Is 3 a factor of 1439?
False
Is 6 a factor of 219?
False
Is 33 a factor of 649?
False
Is 915 a multiple of 61?
True
Is 5625 a multiple of 49?
False
Does 26 divide 78?
True
Is 1650 a multiple of 15?
True
Does 215 divide 26230?
True
Does 18 divide 9090?
True
Does 54 divide 9558?
True
Is 230 a factor of 19320?
True
Does 4 divide 3780?
True
Is 13 a factor of 92560?
True
Does 4 divide 808?
True
Is 4368 a multiple of 56?
True
Is 11115 a multiple of 285?
True
Is 8 a factor of 122?
False
Does 35 divide 10325?
True
Is 1604 a multiple of 88?
False
Does 21 divide 21?
True
Is 1188 a multiple of 44?
True
Is 65885 a multiple of 58?
False
Does 50 divide 57062?
False
Is 8 a factor of 328?
True
Is 6335 a multiple of 81?
False
Does 2 divide 1154?
True
Is 104 a factor of 71256?
False
Is 120 a multiple of 60?
True
Is 14 a factor of 31374?
True
Is 17 a factor of 969?
True
Is 2044 a multiple of 5?
False
Does 88 divide 176?
True
Is 57 a factor of 285?
True
Is 10 a factor of 1580?
True
Is 425 a multiple of 8?
False
Is 748 a multiple of 15?
False
Is 631 a multiple of 69?
False
Is 5 a factor of 371?
False
Is 4 a factor of 940?
True
Is 374 a multiple of 18?
False
Is 120 a factor of 20520?
True
Does 11 divide 5533?
True
Does 400 divide 46800?
True
Is 27818 a multiple of 7?
True
Is 33 a multiple of 4?
False
Is 43414 a multiple of 21?
False
Is 96271 a multiple of 14?
False
Is 14 a factor of 4200?
True
Does 3 divide 5630?
False
Is 11901 a multiple of 237?
False
Does 28 divide 3052?
True
Is 824 a multiple of 34?
False
Does 52 divide 527?
False
Does 2 divide 875?
False
Is 8169 a multiple of 2?
False
Does 123 divide 19512?
False
Is 11 a factor of 8387?
False
Is 12 a factor of 6684?
True
Does 50 divide 2850?
True
Is 75 a factor of 535?
False
Is 4095 a multiple of 15?
True
Is 6 a factor of 108?
True
Is 865 a multiple of 71?
False
Does 9 divide 626?
False
Is 9 even?
False
Is 44688 a multiple of 57?
True
Is 12 a factor of 588?
True
Does 23 divide 16606?
True
Does 11 divide 654?
False
Is 35 a factor of 33810?
True
Does 24 divide 642?
False
Does 33 divide 15448?
False
Does 29 divide 703?
False
Does 9 divide 6453?
True
Does 3 divide 33?
True
Is 4 a factor of 7233?
False
Is 30 a factor of 90?
True
Does 49 divide 8232?
True
Does 7 divide 917?
True
Is 260 a factor of 26128?
False
Does 12 divide 9084?
True
Is 2583 a multiple of 63?
True
Is 10 a factor of 741?
False
Is 3312 a multiple of 6?
True
Is 14 a factor of 2548?
True
Does 13 divide 2067?
True
Is 5064 a multiple of 24?
True
Does 7 divide 2699?
False
Does 24 divide 12192?
True
Does 13 divide 4525?
False
Does 14 divide 719?
False
Is 1143 a multiple of 13?
False
Is 70 a factor of 3150?
True
Is 9360 a multiple of 120?
True
Is 6 a factor of 937?
False
Is 19 a factor of 88?
False
Is 11 a factor of 117?
False
Does 2 divide 1441?
False
Does 16 divide 19734?
False
Is 35 a factor of 525?
True
Is 5300 a multiple of 10?
True
Is 318 a multiple of 6?
True
Is 161 a multiple of 23?
True
Is 60 a factor of 5221?
False
Is 34 a factor of 771?
False
Does 7 divide 175?
True
Is 108 a factor of 8902?
False
Is 571 a multiple of 10?
False
Does 32 divide 312?
False
Is 103 a factor of 2369?
True
Is 16821 a multiple of 89?
True
Is 79 a factor of 4993?
False
Is 16 a factor of 2128?
True
Is 486 a multiple of 6?
True
Is 65 a factor of 54665?
True
Does 31 divide 497?
False
Is 78 a factor of 1331?
False
Is 41 a factor of 5663?
False
Is 9 a factor of 19620?
True
Is 13004 a multiple of 17?
False
Is 17 a factor of 2091?
True
Is 73 a factor of 20294?
True
Is 18 a factor of 2898?
True
Does 90 divide 4410?
True
Is 12 a factor of 2340?
True
Does 12 divide 3012?
True
Does 82 divide 59778?
True
Is 38 a factor of 829?
False
Is 177 a factor of 6215?
False
Is 26357 a multiple of 49?
False
Is 2944 a multiple of 17?
False
Does 9 divide 801?
True
Is 24 a factor of 500